ose -46*x + 37770 = -16*x. What are the prime factors of x?
1259
Let u(c) = c**3 - 7*c**2 - 7*c - 18. What are the prime factors of u(13)?
5, 181
Let u(y) = -39*y - 2 + 91*y - 48*y. What are the prime factors of u(11)?
2, 3, 7
Let v(s) = 187*s - 357. List the prime factors of v(10).
17, 89
Let a(s) be the first derivative of 4*s**3/3 + 19*s**2/2 + 12*s + 20. List the prime factors of a(-8).
2, 29
Let o(t) = -t**3 - 9*t**2 - 9*t - 11. Let l be o(-8). List the prime factors of ((-153)/(-45))/(l/(-75)).
5, 17
Let b = -1242 - -1800. What are the prime factors of b?
2, 3, 31
Suppose -8*u = -13*u - 790. Let c = u + 227. List the prime factors of c.
3, 23
Let m(h) = 3*h**2 + 12*h + 16. Let c be m(-8). Suppose -p + 17 = -c. List the prime factors of p.
3, 43
Suppose 2*v - x - 4*x = 94, -201 = -5*v + 4*x. Suppose 2*b - 165 = -v. List the prime factors of b.
2
Let c(h) = -2*h**2 - 15*h + 12. Suppose -11*r + 40 = -16*r. Let i be c(r). List the prime factors of i/12*9*11.
3, 11
Suppose -2*h - 1 = -5*v + 2, 2*v - 2 = 0. Let s be h*7/(28/72). Suppose 5*z + s = 6*z. List the prime factors of z.
2, 3
Let r be (-1)/(-1*3/21). Let n(f) = -f**2 - 4*f + 4. Let d be n(-4). Suppose -41 - r = -d*w. List the prime factors of w.
2, 3
Suppose -4*z + 3*m = -9, -4 = -2*z - 4*m + 6. Let s(d) = -5*d**2 - 4*d**3 + 2 + 5 + 3*d**3 + 11*d + 0*d**z. What are the prime factors of s(-7)?
2, 7
Suppose -6*q = -14*q + 7920. List the prime factors of q.
2, 3, 5, 11
Suppose 4368 = -20*p + 32*p. List the prime factors of p.
2, 7, 13
Let c(s) = s**3 - 7*s**2 + 4*s + 3. Suppose 3*g - b = b + 17, 0 = 2*g + 3*b - 20. Suppose 0 = -o + g. List the prime factors of c(o).
31
Let f(g) = -g**2 - 7*g - 8. Let r be f(-7). Let q = 3 - r. Suppose -o = -0*o - 3*c - q, o - 21 = -2*c. What are the prime factors of o?
17
Let r = -223 - -111. Let c = -53 - r. List the prime factors of c.
59
Suppose -4*o = -0*i - 5*i - 1822, 0 = -o + 2*i + 454. List the prime factors of o.
2, 229
Let i(s) = -2*s - 1. Let t be i(-3). Suppose 3*l - 11 + t = 0. What are the prime factors of (-3)/l*(-112)/21?
2
Let r = -651 - -1438. List the prime factors of r.
787
Let b(y) = -34*y**3 + 1. Let a be b(1). Let x = -83 - -133. Let w = x + a. List the prime factors of w.
17
Let t be 2 - 2/1 - 55. Let a = t - -84. What are the prime factors of a?
29
Suppose 2*n + 556 = v + 2004, 3*n = -2*v + 2158. What are the prime factors of n?
2, 19
Let r(a) = -a. Let s(k) = -3*k - 10. Let p(z) = 6*r(z) + s(z). What are the prime factors of p(-7)?
53
Let c = -57 + -4. What are the prime factors of c*(-4)/6 - (-1)/3?
41
Let z = 367 - -1026. What are the prime factors of z?
7, 199
Let z = 4436 + -2311. What are the prime factors of z?
5, 17
Let n be 1/4 + (-13593)/(-92). Suppose -3*p + n = -185. List the prime factors of p.
3, 37
Suppose 4*a - 261 = 5*p, 0 = -a + 6*a + 2*p - 351. Suppose 33 + a = 2*o. What are the prime factors of o?
3, 17
Suppose -8*c - 15*c = -5819. What are the prime factors of c?
11, 23
List the prime factors of (-4 - 9)*(-58)/2.
13, 29
Suppose -4*k + 16 = 0, 6*k - 30 = 2*d + 3*k. List the prime factors of 36*d*(-4)/6.
2, 3
Suppose 2*x = 8 - 4. Suppose -4*p = -x*p - 24. Let y(a) = a**3 - 11*a**2 - 11*a - 8. List the prime factors of y(p).
2
List the prime factors of 50504/321*78/8.
2, 13, 59
Suppose 2*k = 4*k + 3*y + 43, -2*y = 2*k + 44. Let a = 71 + k. What are the prime factors of a?
2, 3
Suppose -3*a + 7*a = 12. Let g be 4/(-4) + a - 0. What are the prime factors of 25*5/5 + g?
3
Let f be (-10 - -10) + -2 + 2. Suppose 5*g - 48 - 401 = -3*q, -5*g + 5 = f. List the prime factors of q.
2, 37
Suppose 43*y - 786 = 41*y. Suppose -l = -4*v + y, 3*v - 306 = -7*l + 4*l. What are the prime factors of v?
3, 11
Let w(a) = 83*a + 155. What are the prime factors of w(17)?
2, 3, 29
Let a be (18/(-12))/(2/4). List the prime factors of (3 + (-16)/6)/(a/(-2241)).
3, 83
Let i(w) = 27*w + 294. List the prime factors of i(-7).
3, 5, 7
Let x(t) = t**3 - 10*t**2 + 9*t - 4. Let s be x(9). Let a be (-1 + 2)/((-2)/(-2)). Let j = a - s. What are the prime factors of j?
5
Let j be ((-866)/10 + -1)/(8/(-20)). Suppose 3*g - 334 = -5*n + g, 3*n - 5*g = j. What are the prime factors of n?
2, 17
Suppose 0 = 16*f - 77652 + 21236. What are the prime factors of f?
2, 41, 43
Let a be 1/(6/(-40) + (-10)/(-25)). Suppose 415 = a*k + k - 5*z, -5*k = -4*z - 413. What are the prime factors of k?
3
Let m(n) = -n**2 - 5*n + 8. Let d be m(-6). Suppose 6*o = -5*c + d*o + 364, 3*o + 240 = 3*c. What are the prime factors of c?
2, 19
Suppose -242 = -2*m + 1024. List the prime factors of m.
3, 211
Suppose -5*d + 34 = 3*s, 4*s + 3*d - 4 = 23. Suppose 0 = 5*n - 2*g - 443, -5*g + 415 = s*n + 2*n. Suppose -3*w + 30 + n = 0. What are the prime factors of w?
3, 13
Let r = 22 - 19. Let d(u) = -u + 5*u + r*u**2 - 8*u - 2*u**2 + 7. What are the prime factors of d(-4)?
3, 13
Let m be 49/2 + 11/(-22). Suppose j + 0*j = m. Let k = j - 11. What are the prime factors of k?
13
Let d(h) be the second derivative of h**5/20 + 13*h**4/12 + 13*h**3/6 + 13*h**2/2 - 10*h. Let f be d(-12). Suppose -m = -f - 2. List the prime factors of m.
3
Let f = 0 - -6. Let z be f/(-21) + 184/7. Suppose g - z = -1. List the prime factors of g.
5
Suppose 19*z - 14756 = -9*z. What are the prime factors of z?
17, 31
Let s = -392 + 1204. List the prime factors of s.
2, 7, 29
Suppose 4*l - 9*l = 500. List the prime factors of l/(-6)*(-24)/(-16).
5
Suppose 2*l + 459 = 5*l. Suppose l + 3 = 6*a. Let z = -13 + a. What are the prime factors of z?
13
Let g = -2 + 1. Let t be 0*(0 - g)*-1. Suppose t = 3*f - 38 + 11. What are the prime factors of f?
3
Let w(h) = 9*h**3 + 4*h**2 - 4*h + 3. Let x be w(2). Let v = -34 + x. List the prime factors of 8/(-32) - v/(-4).
2, 3
Let a(o) = -2*o - 3. Let r be a(-3). Suppose r*h = 2*h - 9. What are the prime factors of 104/3 - (-6)/h?
2, 17
Let o = 60 - -29. Suppose 5*b = o + 31. Suppose b = m - 5. What are the prime factors of m?
29
List the prime factors of ((-2)/(-21))/1 - (-6827856)/6174.
2, 7, 79
Suppose -2*u - 3*z = -5*u + 15, -5*u + 4*z + 24 = 0. Suppose 4*y = -4*b + 400, -u*b = 5*y - 153 - 350. List the prime factors of y.
103
Suppose 3*h = 6*h - 4*y - 88, 5*h = y + 141. What are the prime factors of h?
2, 7
Suppose -5*z + w = -28, 6*w - 4*w = 2*z - 16. Suppose 515 = 10*s - z*s - 5*n, 2*s - 5*n = 206. List the prime factors of s.
103
Suppose 40 = -4*f - 80. Let a = f - -39. List the prime factors of (-3)/a*3 + 12.
11
Suppose 5*w - 44 = 6. Let l be (-10)/25 - (-334)/w. Suppose -2*b = -149 + l. What are the prime factors of b?
2, 29
Let a(s) = 15*s**2 + s**2 - 3 + s + 2 - 3*s**2. Let z be a(-2). Suppose 5*d - 56 = z. List the prime factors of d.
3, 7
Suppose -29*r + 15 = -32*r. List the prime factors of 1 - r*(-2)/5*-2.
5
Let k = 2756 - 2506. List the prime factors of k.
2, 5
Suppose 5*i - 27 = 2*i. Suppose -8*c + 1 = -7. Suppose -3*b = 5*f - i, -b = -2*f + 9 - c. What are the prime factors of f?
3
Let p be (-1)/5 + 3/(-30)*-722. List the prime factors of -100*(-6)/(p/15).
5
Suppose 4*p - 28 = -4*c + 8*p, 3*c = -p + 1. Suppose c*z = 5*k - z - 587, -z = -k + 117. What are the prime factors of k?
2, 59
Suppose 0 = 4*f + f - 10. Suppose f*v = -5 + 3. List the prime factors of v/4 + 4266/72.
59
Let s(g) = -6*g**3 + g**2 - g - 1. Let q(a) = 4*a + 1. Let b be q(2). Let r = b + -10. List the prime factors of s(r).
7
Let i(y) = -y**2 + 5*y - 4. Let d be i(3). Suppose d*l = 129 + 7. List the prime factors of l.
2, 17
Suppose -m - 4*m = 0. Suppose 0*t - t = m. Suppose -2*a + 5*f + 59 = t, -31 = -3*a - 5*f + 70. What are the prime factors of a?
2
Let n(j) = j - 1. Let u(a) = -2*a - 2. Let h(f) = -5*n(f) + u(f). List the prime factors of h(-10).
73
Let t be 2 - 2*(9/(-2))/3. Suppose 0 = 13*r - t*r - 1264. List the prime factors of r.
2, 79
Suppose -222*o = -218*o - 14636. List the prime factors of o.
3659
Let h be 32/5*(14 - 4). Let j = 124 - h. List the prime factors of j.
2, 3, 5
Let m(l) = 461*l + 480. What are the prime factors of m(8)?
2, 521
Suppose -7*p - o = -5*p - 4282, -2*p = -2*o - 4282. What are the prime factors of p?
2141
Let r be 2/(-3) - (-7)/(-3). Let a be 15 - (r + (-3)/(-1)). Suppose a = s + 4*s. List the prime factors of s.
3
Let m(n) = n**2 - 9*n - 8. Let d be m(5)